*2 + 4*w - 4. What is the remainder when f is divided by q(2)?
7
Let v(m) = 4*m + 9. Let k be v(-6). Calculate the remainder when (6/k)/((-2)/50) is divided by 6.
4
Suppose 3*u + c + c - 68 = 0, -4*u - 3*c = -90. What is the remainder when 93 is divided by u?
21
Let v = -1 + 3. Suppose -y - 15 = -v*y. Calculate the remainder when 28 is divided by y.
13
Suppose -2*i + 0*i = -4. Suppose 5*d + 316 = -4*m, 5*m + 238 = i*m - 4*d. What is the remainder when 22 is divided by (-2)/9 - m/9?
6
Suppose -2*h = -h. Suppose -2*w - 20 = -2*d - 7*w, h = -d - 2*w + 8. Suppose -5*z = -d*z - 190. Calculate the remainder when z is divided by 10.
8
Let h(n) = -2*n + 12. Let r be h(4). Let z(i) = 6*i + 2. Let d be z(2). Suppose -d = -r*a + 6. Calculate the remainder when 9 is divided by a.
4
Suppose 54 = t + 5*t. What is the remainder when 35 is divided by t?
8
Let m be 5/(50/8)*-5. Calculate the remainder when 344/12*(-6)/m is divided by 11.
10
Let j = 15 + -3. Let u(q) = q**2 - 10*q - 5. Calculate the remainder when 55 is divided by u(j).
17
Suppose 2*b = -d - 8, 3*d - 20 = d + 5*b. What is the remainder when 44 - (d - -4) - -2 is divided by 15?
12
Suppose 4*y + 56 = 8*y. Calculate the remainder when 65 is divided by y.
9
Suppose -c + 3*c - 4 = 0. What is the remainder when 38 is divided by 16*((-3)/4 + c)?
18
Suppose -6*y - 23 = -7*y. Calculate the remainder when 90 is divided by y.
21
Let b = 83 + -37. Calculate the remainder when b is divided by 12.
10
Let t(w) = 2 + 2*w + 2*w**3 + 2*w**3 - w**3 - 2*w**3 + 3*w**2. Let j be t(-3). Let y(z) = -3*z + 2. What is the remainder when 39 is divided by y(j)?
11
Suppose 2*d = -3*d + 2*w + 12, -5*d + 24 = w. Calculate the remainder when 15 is divided by d.
3
Let m(u) = -u**2 - u + 8. Let q be m(7). Calculate the remainder when (6 + -5)/((-2)/q) is divided by 9.
6
Suppose -205 = -4*h + 63. Calculate the remainder when h is divided by 17.
16
Let b(y) = y + 3. Let a be b(-3). Suppose -15 = -5*v - a*v, 5*i + v = 258. What is the remainder when i is divided by 18?
15
Let c = 19 + -32. Let i(g) = g + 19. Calculate the remainder when 16 is divided by i(c).
4
Let z be 12/(-2)*-17*1. Suppose 0*u = 3*u - z. Calculate the remainder when u is divided by 9.
7
Suppose 15*l - 13*l - 36 = 0. What is the remainder when 123 is divided by l?
15
Let r(o) = -20*o - 6. Let f be r(-3). Let p = 117 - f. What is the remainder when p is divided by 16?
15
Let b = 5 - -10. What is the remainder when 102 is divided by b?
12
Suppose 54 = 4*t - 26. Let m(h) = -h + 3. Let z be m(2). Let a(l) = 38*l**2. What is the remainder when a(z) is divided by t?
18
Let l be (1 + (2 - 2))*3. Suppose 2*u + 13 = -l*m + 4, 0 = -5*u + 3*m + 9. Suppose -2*v = -u*v - 8. What is the remainder when 6 is divided by v?
2
Suppose -2*g = -19 - 49. What is the remainder when 65 is divided by g?
31
Let p(l) = -l + 5. Let t be p(5). Let u be 4*(9/12 + 0). Suppose 5*n + 3*w = 74, -3*n = -t*n - u*w - 30. What is the remainder when 25 is divided by n?
12
Suppose -5 + 0 = w, -2*w = -4*u + 26. Let i(m) = -m + 15. Calculate the remainder when i(5) is divided by u.
2
Let h(b) = -3*b**3 + 4*b**2 + b - 3. Calculate the remainder when 66 is divided by h(-2).
31
Let h = -12 - -17. Suppose 3*o - h*o + 32 = 0. What is the remainder when o is divided by 9?
7
Let c(u) = -u**3 - 5*u**2 - 2*u + 2. Let w be c(-4). Let h = 12 + w. What is the remainder when 17 is divided by h?
5
Let q(l) be the third derivative of l**4/8 + l**3/3 + 2*l**2. What is the remainder when 20 is divided by q(3)?
9
Let y(h) = -h**3 - 7*h**2 - 2*h - 10. Calculate the remainder when 13 is divided by y(-7).
1
Let r(m) = m**2 + 4*m + 5. What is the remainder when 50 is divided by r(-6)?
16
Let d = -18 - -6. Let y = -4 - d. Suppose 4*x - 32 = 3*r, 3*r = x - 0*x - y. Calculate the remainder when 13 is divided by x.
5
Suppose -8*p + 3045 = 27*p. Calculate the remainder when p is divided by (-54)/(-15)*(0 + 5).
15
Let n = -18 - -50. What is the remainder when n is divided by 9?
5
Let z(m) = -4*m + 7. Let r(x) = 9*x - 14. Let h(a) = -2*r(a) - 5*z(a). Calculate the remainder when 8 is divided by h(6).
3
Let c be (2 + 8)*4/(-10). Let r = 25 + c. Calculate the remainder when 60 is divided by r.
18
Let q = 9 - -6. What is the remainder when 88 is divided by q?
13
Let v = -81 - -122. Calculate the remainder when 284 is divided by v.
38
Let v = -15 + 56. Calculate the remainder when 122 is divided by v.
40
Let h be (-26)/(-22) - (-4)/(-22). Let m = 2 - h. Calculate the remainder when m is divided by 1.
0
What is the remainder when (-2)/(3/(3870/(-12))) is divided by 36?
35
Suppose 3*x - 24 = -0*x. Suppose i + i - x = -3*c, -28 = -3*c + 2*i. What is the remainder when 17 is divided by c?
5
Let p = -25 + 43. Let t = 9 - 6. Suppose -3*h = -4*r - h + p, -h = -t. What is the remainder when 10 is divided by r?
4
Suppose s + 86 = 3*i - 3*s, -3*s = 2*i - 29. What is the remainder when 65 is divided by i?
21
Suppose -2*x = 3*h + 9, -3*x - 6 = h + 2*h. Suppose 5*t = 2*t + 66. What is the remainder when 1/(t/7 + -3) is divided by x?
1
Let o(d) = 2*d**2 - d - 1. Calculate the remainder when o(4) is divided by (31 + -1)*((-42)/12 + 4).
12
Let k(w) = 29*w**2 - 1. Calculate the remainder when k(1) is divided by 12.
4
Let o = 98 - 68. Let t(j) = j + 16. Suppose -2*d + 2*g = 4, 4*d - g - 2*g + 6 = 0. What is the remainder when o is divided by t(d)?
14
Let r(m) = -m**3 - 3*m**2 + m + 5. What is the remainder when r(-5) is divided by 26?
24
Suppose 0*s = 3*s + 33. Let q = s + 21. Suppose -5*m = -q*m + 25. Calculate the remainder when 8 is divided by m.
3
Let k(g) = 18*g**2 - g - 3. Let p be k(3). Suppose 164 = -4*y + 2*m, y - 2*m = 5*y + p. Let x = y + 70. What is the remainder when x is divided by 8?
6
Suppose a + 8 = 12. Let m(x) = x**2 + 5*x - 3. Calculate the remainder when a is divided by m(-6).
1
Let v = -7 - -27. Let r(q) be the first derivative of 4*q**3 + q**2 + q - 2. Calculate the remainder when v is divided by r(-1).
9
Let r(x) = 2*x**2. What is the remainder when (-3)/(-6)*-2*-51 is divided by r(-3)?
15
Suppose -s - 2 = -3*i, 5*i - 38 + 12 = -4*s. Calculate the remainder when 8 is divided by s.
0
Suppose 5*c = 6*c - 1. Suppose 2*p - p - w = -2, -w = p + 6. What is the remainder when c/p + (-58)/(-8) is divided by 3?
1
What is the remainder when 39 is divided by 2*-3*(-28)/8?
18
Suppose -3*h + 4*q = -2*h + 6, -q = 4*h - 27. Let d = 11 + -8. Suppose w + h = d*w. What is the remainder when 10 is divided by w?
1
Let m(f) = -2*f**2 + f. Let g be m(1). Let t(z) be the second derivative of -31*z**3/3 - 11*z. What is the remainder when t(g) is divided by 21?
20
Let t(p) = p**3 + 8*p**2 + 4*p - 12. What is the remainder when 24/(-42) + (-747)/(-21) is divided by t(-7)?
8
Suppose -b = 2*o - 22, -5*o - b = 3*b - 55. Suppose -12 - 15 = 3*l. Let x = l - -13. Calculate the remainder when o is divided by x.
3
What is the remainder when 50 is divided by 9/15 + (-174)/(-10)?
14
Suppose 0*m = 3*j - 2*m - 311, -m + 97 = j. Calculate the remainder when j is divided by 15.
11
Suppose 3*k - 40 = 26. Let s(g) = -2*g + 4. Let m be s(-4). What is the remainder when k is divided by m*(-1 + 5/3)?
6
Suppose 0 = -d - 6 + 2. What is the remainder when d/(24/(-15))*20 is divided by 17?
16
Suppose -2*m - 80 = 10. Let a = m + 103. Suppose 0 = 5*j - 192 - a. Calculate the remainder when j is divided by 17.
16
Let t(c) = -2*c - 14. Calculate the remainder when 13 is divided by t(-9).
1
Suppose 65 - 5 = 5*c - 4*m, -5*c - 5*m = -15. What is the remainder when 15 is divided by c?
7
Suppose -10*i + 221 = 3*i. What is the remainder when 63 is divided by i?
12
Suppose 3*g = 2*g + 12. Suppose -z - z = -g. Suppose -t - 2*j + 5 = -6, 4*j - 44 = -4*t. What is the remainder when t is divided by z?
5
Let g(t) = -2*t**3 + 2*t - 1. Let u be 4*(-1 - (-3)/6). What is the remainder when 32 is divided by g(u)?
10
Let j(g) = 16*g**3 - 2*g**2 + 1. Let b = 5 + -1. Let z = b + -3. What is the remainder when 28 is divided by j(z)?
13
Let d(w) = -w**2 - 3*w - 1. Let l be -2 + (2 - (-10)/2). Suppose g = 3*p - l, -2*p + 4 = 2*g - 2. What is the remainder when d(-2) is divided by g?
0
Let r(c) = c + 5. Let l be r(-4). Let x = -6 + l. What is the remainder when (-1 + x)*7/(-2) is divided by 11?
10
Le